s the greatest common factor of b and d?
6
Suppose -9 = -s - 0*s. What is the highest common factor of 36 and s?
9
Let a = 17 - 8. Calculate the greatest common divisor of 6 and a.
3
Suppose -6 = -5*s - 1. Suppose -2*a - s = -11. Suppose a*b + 3*q - 75 = -0*q, b - q - 15 = 0. Calculate the greatest common factor of 15 and b.
15
Suppose 0 = -5*z + 3*r + 207, 6 = -5*r - 14. Calculate the greatest common factor of z and 3.
3
Let z(c) = c - 2. Let p be z(6). Suppose p*d - 11 = 9. What is the highest common factor of 45 and d?
5
Suppose -2*i = -0*i. Let a be (-24)/(-4) + i + 0. What is the greatest common factor of a and 66?
6
Let y = 7 + -7. Suppose y = 2*r - 69 - 27. Calculate the greatest common factor of 12 and r.
12
Suppose -s = s - 324. Calculate the highest common factor of 18 and s.
18
Let y = 143 - 127. Calculate the greatest common factor of y and 40.
8
Let m be (-2)/(((-8)/(-6))/(-2)). Suppose -2*z + m*q + 269 = -0*z, 2*z = -3*q + 275. What is the highest common divisor of z and 17?
17
Suppose -15 = -15*w + 14*w. Let c be 6/(4 - (-6)/(-3)). Calculate the greatest common divisor of w and c.
3
Let m be 646/8 - 3/(-12). Suppose 0 = 5*t - 11 - 34. What is the greatest common factor of t and m?
9
Let w(t) = -30*t - 3. Suppose -5*n - 26 = -4*m, 2*n - 2*m + 3*m = 0. Let g be w(n). Calculate the highest common divisor of g and 38.
19
Let f(h) = h**3 - 4*h**2 + 6*h - 7. Let w be f(5). Suppose -4*i = -4*s + w, -3*s - 6*i = -i - 4. Calculate the greatest common factor of s and 88.
8
Suppose -6*b + 13*b = 1155. Calculate the highest common factor of 66 and b.
33
Let b = -82 + 100. What is the greatest common divisor of 48 and b?
6
Let v(a) = -a**3 + 4*a**2 + a - 2. Let m be v(4). Suppose 4*k = -3*r + 440, 584 = 4*r - m*k + 6*k. Calculate the highest common divisor of 18 and r.
18
Suppose 30 + 18 = 4*j. Let x be 10/(-2)*(1 - 2). Let r be 290/x + 2/1. What is the highest common factor of j and r?
12
Let l(s) = -s**3 - 10*s**2 - 10*s + 15. Let d be l(-9). Calculate the highest common factor of 24 and d.
24
Suppose 0 + 2 = l, -j + 177 = l. What is the highest common divisor of 70 and j?
35
Let l(r) = -r**3 - 6*r**2 - 7*r - 2. Let b be l(-6). Suppose b = 5*z - 130. What is the highest common divisor of z and 51?
17
Suppose 0 = -4*k + 4 - 0. Let r(w) be the third derivative of w**5/30 - w**4/12 + w**3/2 + w**2. Let d be r(2). Calculate the highest common divisor of d and k.
1
Let x(v) = -v**2 + 13*v + 12. Let i be x(9). Let a = -31 + i. Let t = 74 + -6. Calculate the greatest common divisor of t and a.
17
Let p(b) = b**3 - 9*b**2 - 2*b + 2*b + b + 3. Let g be p(9). What is the highest common divisor of g and 3?
3
Suppose -p = y + 90, y - 170 = 2*p - 2*y. Let u = -48 - p. What is the greatest common divisor of 5 and u?
5
Let w = 14 + -9. Suppose -w*v + 13 = -7. Calculate the highest common factor of v and 2.
2
Suppose 14*c = 12*c + 4. Let s = -98 + 185. Suppose -31 + s = 4*i. Calculate the highest common factor of i and c.
2
Let q(o) = -o**3 + 5*o**2 + 8*o - 9. Let f be q(6). Let c be 0/(-1) + 210/f. What is the greatest common divisor of 10 and c?
10
Let u(x) = -x**3 + 4*x**2 + 4. Let m be u(3). Calculate the highest common factor of m and 65.
13
Let k be (2 - 1) + -6 + 8. Calculate the highest common divisor of k and 42.
3
Let o = 0 + 0. Suppose m = -3, 5*b + m - 22 = -o*m. Let x = b - 2. What is the greatest common factor of 15 and x?
3
Let z = -31 + 44. What is the greatest common factor of z and 143?
13
Suppose -4*n + 40 = 5*m, -5*m - 20 = -0*n - 2*n. Calculate the highest common factor of 2 and n.
2
Let z be (-1)/(-6) + 1287/54. What is the highest common divisor of z and 264?
24
Suppose 5*g - 5 = 0, -3*h + 3*g = -h + 9. Let a = h - -18. Let b be 4 - -2*2/4. Calculate the greatest common factor of b and a.
5
Suppose -120 = -4*j + j. What is the highest common factor of j and 20?
20
Let u = 17 + -2. Suppose q + 10 = 3*q. Suppose u = 5*y + q. What is the greatest common divisor of y and 22?
2
Let q(s) = 8*s**2 - 5*s + 5. Let l be q(4). Let m = l - 77. What is the highest common divisor of 24 and m?
12
Let w = -44 + 76. What is the highest common factor of 80 and w?
16
Let f(z) = -z**3 - 21*z**2 - z - 9. Let q be f(-21). Suppose x - 2*x = -3. What is the highest common divisor of x and q?
3
Let c = 79 + -58. Calculate the greatest common divisor of c and 21.
21
Let z(b) = -b**2 + 6*b + 7. Let f be z(8). Let k = f + -23. Let p = k + 102. What is the highest common divisor of 28 and p?
14
Suppose -78 = -24*a + 186. Let i be (-4)/1*(-11)/4. What is the greatest common factor of a and i?
11
Let s be (-1 + 5 - -5) + -4. What is the highest common divisor of s and 45?
5
Let n be (-4)/(-6) + (-24)/9 + 50. What is the highest common factor of 48 and n?
48
Suppose -r = -5*r. Suppose r = 5*u - 5 - 10. What is the greatest common divisor of 9 and u?
3
Let r = -17 - -11. Let h(u) = -u**3 - 5*u**2 + 5*u + 8. Let d be h(r). Suppose 6*s - 448 = 2*s. Calculate the highest common factor of s and d.
14
Suppose p = -p + 54. Suppose 6*t - t = -25, -40 = -5*c + 4*t. Suppose 1 + 11 = c*g. What is the greatest common factor of p and g?
3
Let g be 13*-6*(40/(-12) + 3). What is the greatest common divisor of 26 and g?
26
Suppose -9 = -l - 2. Suppose 35 = 4*i - 161. Calculate the greatest common divisor of i and l.
7
Let j = 10 - -2. What is the greatest common divisor of 6 and j?
6
Let g(i) = i - 3. Let k be g(7). What is the greatest common divisor of k and 4?
4
Suppose 6 = 2*q, 5*n + 0*q - 104 = 2*q. Calculate the greatest common divisor of n and 55.
11
Let i be 0*((-3)/6)/1. Suppose i = -k + 10. What is the greatest common factor of k and 90?
10
Let w(y) = 140*y**3 + 3*y - 3. Let f be w(1). Suppose 0 = 4*h - 93 - 131. What is the highest common factor of h and f?
28
Let n = 55 - 30. Suppose 0 = 2*c - c - n. Let j(m) = -m**3 + 2*m**2 + 3*m. Let s be j(-2). Calculate the greatest common divisor of s and c.
5
Let a(n) = -22*n**3 - n**2 - n - 1. Let z be a(-1). Suppose q - 4*k - 99 - 124 = 0, 4*k + 1147 = 5*q. Calculate the highest common factor of q and z.
21
Let x be 72/7 + (-4)/14. Let j(y) = 12*y + 2. Let b be j(9). Calculate the highest common factor of x and b.
10
Let s = 533 - 301. Let y be (58 - 0)*((-2)/4 + 1). What is the highest common divisor of y and s?
29
Let c(j) = j**3 - j**2 + 7*j + 1. Let m be c(5). Suppose 5*t = 3*l - 2*l + 3, 4*t = -5*l + 101. Calculate the greatest common factor of m and l.
17
Let d be (10/(-4))/(-5)*0. Suppose d*o = 4*o - 32. Calculate the greatest common factor of o and 32.
8
Suppose 0 = 3*v - 32 + 11. Suppose 2*u - 84 = -u. Calculate the highest common factor of u and v.
7
Suppose -3*v = -v + 3*w - 103, -3*v - 5*w = -156. Let s = v - -9. Calculate the greatest common factor of s and 14.
14
Suppose 2*v - v = 0. Let s = 2 - v. What is the greatest common factor of 2 and s?
2
Let q = -6 + 3. Let h be -12*((-5)/q - 2). Suppose 2*k = h*s + 14, 3*k = 3*s + 7 + 14. What is the greatest common factor of 1 and k?
1
Let z = 48 - -15. Let x be 4/(-10) + 99/(-15). Let b(j) = -j. Let k be b(x). Calculate the highest common divisor of z and k.
7
Let b = 100 + -48. What is the greatest common factor of 13 and b?
13
Suppose d - 6*d = 3*r - 380, 410 = 3*r - d. What is the greatest common factor of r and 45?
45
Let v(m) = -7*m**3 - 3*m - 2. Let q be v(-2). Suppose 32 = 2*k + 4*y - 0*y, -2*k + 5*y = -5. Calculate the highest common factor of q and k.
10
Let w = -17 + 45. Calculate the greatest common divisor of w and 42.
14
Suppose -2*f - 5 = -1. Let b be 1*-2 + (-16)/f. Suppose 5*s = -k - 3, 5*k - 5*s + 40 = 115. What is the greatest common factor of k and b?
6
Let d be (-2)/(6/(-87)) - -3. Calculate the highest common factor of d and 4.
4
Let i = 67 - 31. Let q(y) = y**2 - y - 11. Let o be q(-4). What is the greatest common divisor of o and i?
9
Suppose -4*x - 100 = -4*f, 3*f + 2*f - 155 = -5*x. Suppose -3*o + f = -w, 0*w - 3*w + 15 = 0. Calculate the highest common factor of o and 1.
1
Suppose 5*z = 6*z - o - 3, 0 = 5*z + 5*o + 5. Let l(r) = r**3 + 7*r**2 + 3*r - 10. Let t be l(-6). Calculate the greatest common factor of t and z.
1
Let l be 10/(-1)*1*1. Let f be (-4)/14*(3 + l). What is the greatest common factor of f and 12?
2
Suppose -7*g - 24 = 